4*r - 3, -c - 5*r + 60 = 4*c. What is the remainder when -1*1*(-16 - 1) is divided by c?
8
Let n = 0 + 9. Let u = 103 + -78. What is the remainder when u is divided by n?
7
Let u = -449 + 757. What is the remainder when u is divided by 78?
74
Let s = -320 + 335. What is the remainder when 928 is divided by s?
13
Suppose -21 = -2*x - 5*g, 3*x + 0*x - g = 6. Let j = -138 - -135. What is the remainder when 19 is divided by 10*j/(-18)*x?
4
Suppose 0 = -0*t - t - 2, -o - 5*t - 6 = 0. Suppose 285 = 5*k + s - 5*s, -o*k + 2*s + 234 = 0. What is the remainder when k is divided by (-2)/(-3) - (-92)/6?
13
Let z be 0 - (12/3)/1. Let f be z*1*(-1 + 0). Suppose 2*l + 3*i - 9 = 15, -l + 17 = f*i. Calculate the remainder when l is divided by 3.
0
Suppose -2*c + 32 = -4*d + 2*c, 0 = -5*d + c - 36. Let u = 8 + d. Suppose -4*h - 11 = -3*z, 4*h = -5*z - h - 5. Calculate the remainder when u is divided by z.
0
Let v = 159 + -145. Calculate the remainder when 41 is divided by v.
13
Suppose -56 = -2*v - 2*v. Suppose -82 = 41*x - 410. What is the remainder when v is divided by x?
6
Suppose 0 = 5*s - 5*a - 440, 223 + 47 = 3*s + 3*a. Calculate the remainder when s is divided by 18.
17
Let l = -10 - -15. Calculate the remainder when (-19)/l*(2 + -7) is divided by (-22)/(-4) + 3/(-6).
4
Suppose 0 = -4*b + b + 99. Suppose -98*z = -103*z + 490. What is the remainder when z is divided by b?
32
Suppose -108 = -10*w + 7*w. Let s = w - 15. Suppose 5*m + 3*i - 49 = 0, -5*m + 3*i = -m - 50. Calculate the remainder when s is divided by m.
10
Suppose 0 = 3*d + i - 269, 2*d + 3*i - 35 = 156. What is the remainder when d is divided by 30?
28
Suppose -11 = q - 0*q. Let l = 162 + q. What is the remainder when l is divided by 38?
37
Let m(w) = -w**2 - 6*w - 13. Let g be m(-6). Let h(z) = z + 24. Calculate the remainder when 26 is divided by h(g).
4
Let d(v) = -v**3 + 5*v**2 - 6*v + 1. Let i be d(3). Calculate the remainder when 64 is divided by 3/(-2) + i - 560/(-32).
13
Suppose -240 = -4*d - 8*d. Suppose -1092 = 6*o - d*o. What is the remainder when o is divided by 16?
14
Suppose -118*b + 114*b = -8. What is the remainder when 135 is divided by (((-92)/(-2))/b)/1?
20
Let k = -159 - -174. Suppose 0*m + 5 = m. Calculate the remainder when k is divided by m.
0
Let i = -1808 + 1955. What is the remainder when i is divided by 39?
30
Suppose -13 = w - 64. Calculate the remainder when w is divided by 19.
13
Let x = 462 - 327. Suppose 0*g + 5*g - x = -i, 2*g - 2*i - 54 = 0. Calculate the remainder when g is divided by 5.
2
Suppose 0*j + 2*j = -4*n - 28, -j - 5*n = 11. Let x(l) = -l**3 + 5*l**2 + 2*l - 3. Calculate the remainder when x(4) is divided by ((-5)/(-10))/((-1)/j).
5
Suppose 7 = -u + a, 5*u + 2*a = -2*a - 44. Let j be -3 - 0 - 1*u. Suppose 3*z - 3*k = -7 + 43, -z = -j*k - 20. What is the remainder when 18 is divided by z?
8
Suppose -s + 16 = -2*w + 58, 4*w = 4*s + 88. What is the remainder when w is divided by 13?
7
Let m(p) = p**2 + p - 18. Let h(c) = c**3 - 8*c**2 - 8*c + 11. Let s be h(9). Suppose 2*n - 6*n + s = 0. What is the remainder when m(6) is divided by n?
4
Suppose 3*k = 3*x - 372, 3*x - 388 = 2*k - 3*k. Calculate the remainder when 368 is divided by x.
112
Suppose -3*z + 0 - 1 = -5*b, -9 = 5*z - b. Suppose 0 = 5*y + 25, -y - 12 = -u + 12. What is the remainder when 25 + 6 + (-8)/z is divided by u?
16
Suppose -4*a = b - 118 - 743, 3*b = -a + 229. Calculate the remainder when a is divided by 8.
6
Suppose -3*x - 22 = -2*i, -3*x - 2*x - 14 = -2*i. Calculate the remainder when 80 is divided by i.
12
Suppose v - 5 = -3*g, -1 = -3*v - 2*g + 7. Suppose -5*u = -3*h - h + 10, 0 = -4*h - v*u + 24. What is the remainder when h is divided by 2?
1
Let n(v) = -v**3 + 14*v**2 - 2*v + 13. Let a be n(14). Let c = 38 + a. Suppose 36*r = 31*r + 30. What is the remainder when c is divided by r?
5
Let l be (-45)/54*2/3*-9. Suppose 3*p = -l*m + 82, 2*p - 4*m + 26 = 88. What is the remainder when 83 is divided by p?
25
Suppose -130 = -5*y + 105. Calculate the remainder when y is divided by 25.
22
Calculate the remainder when 28 is divided by ((-3)/(-9))/((-26)/(-1482)).
9
Let g(s) = -s**2 + 10*s - 3. Let c = -14 + 22. What is the remainder when 24 is divided by g(c)?
11
Let q = 22 - -13. What is the remainder when 699 is divided by q?
34
Suppose -93*h = -1320 - 168. Suppose -2*y = -6*q + q - 83, -4*y - 2*q + 106 = 0. Calculate the remainder when y is divided by h.
13
Suppose -6*n = -4*p - 4*n + 132, 4*p - 128 = 3*n. Calculate the remainder when 129 is divided by p.
24
Suppose 0 = -3*n - 0 + 18. Suppose n*v - 4 = 80. Calculate the remainder when 23 is divided by v.
9
Let d = 12 + -7. Let u be d + (-12)/4 - 2. Suppose u*j = -5*j + 35. What is the remainder when 27 is divided by j?
6
Let b = -29 + 34. Suppose -6*h + b*h = -33. What is the remainder when h is divided by 9?
6
Let u = 1202 + -591. What is the remainder when u is divided by 51?
50
Let p(g) = -7*g**2 + 82*g - 11. What is the remainder when p(9) is divided by 9?
7
Let x(o) = -10*o**2 - 4*o + 5. Let j be x(-5). Let m be (j/(-18))/(1/2). Suppose -m - 15 = -4*c. What is the remainder when c is divided by 4?
2
Let a(r) = -r**3 - 6*r**2 - r - 4. Let l be a(-6). Suppose o = l*o. Suppose o = -3*v - 5*v + 40. Calculate the remainder when 17 is divided by v.
2
Let n(u) = 10*u. Let y be n(1). Suppose 3*o - y = -2*q + 3, q + 1 = 0. Suppose 0 = 366*v - 110*v - 3072. What is the remainder when v is divided by o?
2
Let o = 144 - 94. Calculate the remainder when 149 is divided by o.
49
Suppose 0*l = -5*l + 175. Let m = 1 - 27. Let n = 38 + m. Calculate the remainder when l is divided by n.
11
Let x be -1*(0 + -4 - -34). Let n = x - -69. Suppose -5*y + 70 = 5*c, c - 2*c = -2*y - 14. What is the remainder when n is divided by c?
11
Suppose -4*y = 5*g - 25, 0*g + 5*y = 3*g - 15. What is the remainder when 18 is divided by 4 - ((-2)/(-1) - g)?
4
Let o(x) = 13*x**3 - 2*x - 2. Let d be o(-1). Let t = d - -16. Suppose -q - 16 + 111 = t*j, 2*q = 3*j - 89. What is the remainder when j is divided by 17?
14
Let m(l) = 23*l**3 + l**2 + l - 1. Suppose 5*k - 370 = 4*y, -3*k + 60 = -2*k + 2*y. Calculate the remainder when k is divided by m(1).
22
Suppose 17*l - 23*l = -36. Calculate the remainder when 23 is divided by l.
5
Suppose 2*x + 21 = 3*a, -11*x + 57 = 5*a - 7*x. What is the remainder when 14 is divided by a?
5
Suppose 194 = 5*t - 3*l, 2*t = 4*t + 4*l - 62. Let a = -24 + t. Let z = -89 - -152. Calculate the remainder when z is divided by a.
11
Let q(j) = -7*j**3 + 3*j**2 - 3. Let f be q(-3). Let u = f - -187. Suppose -2*b - 4*m + 247 = b, 5*b - 5*m = u. What is the remainder when b is divided by 28?
25
What is the remainder when -1*(-116 - 6) + 1 is divided by 21?
18
Suppose 2*x + 72 = 4*s, 0 = -s + 5*x + 7 + 2. What is the remainder when s is divided by 9?
1
Let g be (-98)/(-4) - (-2)/(-4). Suppose -l - 2 = 3*v, -3*l + 3*v = -g - 18. Let z = -4567 - -4594. Calculate the remainder when z is divided by l.
7
Suppose -8*t - 176 = -12*t. What is the remainder when 95 is divided by t?
7
Suppose -2*y - y + 18 = 0. Let t = y + -7. What is the remainder when 52 is divided by (-7)/t - (-15 + 11)?
8
Suppose 2*c - 3*i = 65 + 269, 2*i - 4 = 0. What is the remainder when c is divided by 52?
14
Let u be (870/25)/((-6)/(-45)). Let k = 371 - u. What is the remainder when k is divided by 28?
26
What is the remainder when (2/(-7) + 6464/(-112))/(-1) is divided by 9?
4
Suppose 224 = 4*z - 3*s, -5*z + 9 + 276 = -5*s. Calculate the remainder when 308 is divided by z.
43
Let u(q) = -q**2 - 23*q + 15. Let m(s) = 19*s - 1. Let d be m(3). Suppose -39 = -5*x + d. What is the remainder when u(-20) is divided by x?
18
Suppose -2*y - y = 0. Suppose y = s + 2 - 8. Suppose -2*c - 167 = -3*x - s*c, -2*c + 163 = 3*x. Calculate the remainder when x is divided by 14.
11
Let g = 156 - 85. Let p = -34 + g. Suppose -4*t + 3*o + 2*o + 284 = 0, 0 = -t + 3*o + 71. Calculate the remainder when t is divided by p.
34
Let t = 844 - 753. What is the remainder when 448 is divided by t?
84
Suppose -3*f - 2*g = 12 + 111, -f - 42 = g. What is the remainder when 103 is divided by f/(-4)*20/15?
12
Let u(p) = 28*p**2 + 329*p - 24. What is the remainder when 895 is divided by u(-12)?
55
Let m(s) = 13*s - 23